?
2
What is the units digit of 6486?
6
What is the tens digit of 53758?
5
What is the thousands digit of 37360?
7
What is the tens digit of 11532?
3
What is the thousands digit of 1905?
1
What is the hundreds digit of 406?
4
What is the units digit of 888?
8
What is the thousands digit of 108869?
8
What is the hundreds digit of 75180?
1
What is the thousands digit of 2173?
2
What is the units digit of 20009?
9
What is the tens digit of 423?
2
What is the tens digit of 2214?
1
What is the thousands digit of 1093?
1
What is the hundreds digit of 20399?
3
What is the tens digit of 1708?
0
What is the hundreds digit of 37270?
2
What is the hundreds digit of 9646?
6
What is the tens digit of 20634?
3
What is the tens digit of 2587?
8
What is the tens digit of 410?
1
What is the thousands digit of 3421?
3
What is the thousands digit of 19507?
9
What is the tens digit of 4248?
4
What is the tens digit of 12592?
9
What is the hundreds digit of 3994?
9
What is the tens digit of 7740?
4
What is the tens digit of 1979?
7
What is the ten thousands digit of 13312?
1
What is the hundreds digit of 977?
9
What is the ten thousands digit of 14608?
1
What is the hundreds digit of 1129?
1
What is the hundreds digit of 43927?
9
What is the hundred thousands digit of 191346?
1
What is the thousands digit of 58612?
8
What is the ten thousands digit of 12341?
1
What is the tens digit of 7789?
8
What is the tens digit of 4823?
2
What is the hundreds digit of 3045?
0
What is the units digit of 47822?
2
What is the thousands digit of 3069?
3
What is the thousands digit of 12024?
2
What is the hundreds digit of 15992?
9
What is the hundreds digit of 57451?
4
What is the hundreds digit of 11935?
9
What is the tens digit of 43027?
2
What is the hundreds digit of 22253?
2
What is the units digit of 4361?
1
What is the units digit of 13604?
4
What is the hundreds digit of 1090?
0
What is the units digit of 637?
7
What is the tens digit of 26?
2
What is the tens digit of 25365?
6
What is the tens digit of 769?
6
What is the hundreds digit of 564?
5
What is the thousands digit of 9438?
9
What is the hundreds digit of 86835?
8
What is the thousands digit of 5240?
5
What is the units digit of 122?
2
What is the hundreds digit of 31557?
5
What is the units digit of 1263?
3
What is the thousands digit of 31410?
1
What is the thousands digit of 10872?
0
What is the hundreds digit of 10838?
8
What is the tens digit of 7486?
8
What is the tens digit of 7801?
0
What is the hundreds digit of 1043?
0
What is the tens digit of 108?
0
What is the hundreds digit of 1596?
5
What is the thousands digit of 5671?
5
What is the units digit of 56424?
4
What is the ten thousands digit of 25288?
2
What is the hundreds digit of 20238?
2
What is the thousands digit of 49535?
9
What is the tens digit of 10615?
1
What is the ten thousands digit of 57173?
5
What is the thousands digit of 2828?
2
What is the hundreds digit of 174?
1
What is the units digit of 11297?
7
What is the units digit of 877?
7
What is the hundreds digit of 1232?
2
What is the hundreds digit of 9905?
9
What is the ten thousands digit of 46534?
4
What is the hundreds digit of 212?
2
What is the units digit of 534?
4
What is the hundreds digit of 764?
7
What is the tens digit of 2161?
6
What is the ten thousands digit of 10007?
1
What is the thousands digit of 1241?
1
What is the units digit of 49602?
2
What is the hundreds digit of 5115?
1
What is the hundreds digit of 2046?
0
What is the tens digit of 125308?
0
What is the tens digit of 637?
3
What is the units digit of 1139?
9
What is the hundreds digit of 3805?
8
What is the hundreds digit of 68870?
8
What is the units digit of 22643?
3
What is the units digit of 3329?
9
What is the ten thousands digit of 10479?
1
What is the hundreds digit of 613?
6
What is the units digit of 968?
8
What is the units digit of 22452?
2
What is the hundreds digit of 939?
9
What is the units digit of 196709?
9
What is the ten thousands digit of 15476?
1
What is the units digit of 2075?
5
What is the thousands digit of 1335?
1
What is the hundreds digit of 392?
3
What is the hundreds digit of 70697?
6
What is the thousands digit of 38996?
8
What is the thousands digit of 31978?
1
What is the tens digit of 7194?
9
What is the thousands digit of 10627?
0
What is the thousands digit of 2174?
2
What is the hundreds digit of 115458?
4
What is the tens digit of 9591?
9
What is the units digit of 2898?
8
What is the units digit of 3999?
9
What is the units digit of 115227?
7
What is the units digit of 906?
6
What is the units digit of 780?
0
What is the tens digit of 3377?
7
What is the ten thousands digit of 24274?
2
What is the units digit of 6478?
8
What is the units digit of 81489?
9
What is the units digit of 11253?
3
What is the tens digit of 31304?
0
What is the units digit of 2928?
8
What is the ten thousands digit of 27071?
2
What is the hundreds digit of 72311?
3
What is the units digit of 24047?
7
What is the hundred thousands digit of 118410?
1
What is the hundreds digit of 16298?
2
What is the hundreds digit of 599?
5
What is the tens digit of 5856?
5
What is the units digit of 36567?
7
What is the units digit of 6270?
0
What is the ten thousands digit of 22680?
2
What is the thousands digit of 1535?
1
What is the units digit of 588?
8
What is the units digit of 4710?
0
What is the hundreds digit of 266?
2
What is the units digit of 4405?
5
What is the thousands digit of 25544?
5
What is the units digit of 900?
0
What is the units digit of 8?
8
What is the thousands digit of 69999?
9
What is the units digit of 45651?
1
What is the tens digit of 74?
7
What is the units digit of 53467?
7
What is the tens digit of 529?
2
What is the units digit of 363?
3
What is the units digit of 3550?
0
What is the tens digit of 502?
0
What is the hundreds digit of 39282?
2
What is the tens digit of 427?
2
What is the thousands digit of 8972?
8
What is the ten thousands digit of 23599?
2
What is the thousands digit of 2354?
2
What is the units digit of 1017?
7
What is the tens digit of 381?
8
What is the hundreds digit of 35921?
9
What is the hundreds digit of 507?
5
What is the tens digit of 21581?
8
What is the tens digit of 2707?
0
What is the thousands digit of 31543?
1
What is the thousands digit of 18088?
8
What is the thousands digit of 2830?
2
What is the units digit of 2886?
6
What is the units digit of 874?
4
What is the hundreds digit of 10162?
1
What is the units digit of 3660?
0
What is the hundreds digit of 2523?
5
What is the tens digit of 4531?
3
What is the thousands digit of 4271?
4
What is the thousands digit of 4659?
4
What is the hundreds digit of 1796?
7
What is the units digit of 4083?
3
What is the tens digit of 6925?
2
What is the units digit of 783?
3
What is the tens digit of 64778?
7
What is the thousands digit of 16825?
6
What is the tens digit of 22685?
8
What is the units digit of 80118?
8
What is the hundreds digit of 2248?
2
What is the tens digit of 481?
8
What is the tens digit of 65254?
5
What is the units digit of 6490?
0
What is the tens digit of 55216?
1
What is the hundreds digit of 397?
3
What is the tens digit of 7048?
4
What is the units digit of 11165?
5
What is the tens digit of 5235?
3
What is the ten thousands digit of 51893?
5
What is the tens digit of 4559?
5
What is the units digit of 4008?
8
What is the units digit of 25606?
6
What is the hundreds digit of 5049?
0
What is the tens digit of 3824?
2
What is the tens digit of 2880?
8
What is the units digit of 35044?
4
What is the units digit of 1001?
1
What is the tens digit of 8751?
5
What is the units digit of 3052?
2
What is the hundreds digit of 7459?
4
What is the units digit of 3743?
3
What is the tens digit of 125988?
8
What is the units digit of 850?
0
What is the units digit of 1519?
9
What is the hundreds digit of 2182?
1
What is the tens digit of 11452?
5
What is the units digit of 8335?
5
What is the hundreds digit of 3167?
1
What is the units digit of 32?
2
What is the tens digit of 753?
5
What is the units digit of 128?
8
What is the ten thousands digit of 15639?
1
What is the tens digit of 69?
6
What is the units digit of 1323?
3
What is the units digit of 15143?
3
What is the tens digit of